{"id":653,"date":"2019-04-17T19:36:43","date_gmt":"2019-04-17T19:36:43","guid":{"rendered":"http:\/\/39dhazymut.tychy.zhp.pl\/?page_id=653"},"modified":"2019-04-17T19:36:43","modified_gmt":"2019-04-17T19:36:43","slug":"pamietniki-zolnierzy-baonu-zoska","status":"publish","type":"page","link":"http:\/\/39dhazymut.tychy.zhp.pl\/index.php\/pamietniki-zolnierzy-baonu-zoska\/","title":{"rendered":"Pami\u0119tniki \u017bo\u0142nierzy Baonu ,,Zo\u015bka&#8221;"},"content":{"rendered":"\n<p>Tytu\u0142: Pami\u0119tniki \u017bo\u0142nierzy Baonu ,,Zo\u015bka&#8221;<br>Wyb\u00f3r fragment\u00f3w pami\u0119tnik\u00f3w: Tadeusz Sumi\u0144ski<br>Wydawnictwo: Nasza Ksi\u0119garnia<br>Miejsce i data wydania: Warszawa 1989<\/p>\n\n\n\n<p>Fragmenty pami\u0119tnik\u00f3w \u017co\u0142nierzy harcerskiego batalionu ,,Zo\u015bka&#8221; opisuj\u0105ce Powstanie Warszawskie<\/p>\n","protected":false},"excerpt":{"rendered":"<p>Tytu\u0142: Pami\u0119tniki \u017bo\u0142nierzy Baonu ,,Zo\u015bka&#8221;Wyb\u00f3r fragment\u00f3w pami\u0119tnik\u00f3w: Tadeusz Sumi\u0144skiWydawnictwo: Nasza Ksi\u0119garniaMiejsce i data wydania: Warszawa 1989 Fragmenty pami\u0119tnik\u00f3w \u017co\u0142nierzy harcerskiego batalionu ,,Zo\u015bka&#8221; opisuj\u0105ce Powstanie Warszawskie<\/p>\n","protected":false},"author":5,"featured_media":0,"parent":0,"menu_order":0,"comment_status":"closed","ping_status":"closed","template":"","meta":{"footnotes":""},"class_list":["post-653","page","type-page","status-publish","hentry"],"_links":{"self":[{"href":"http:\/\/39dhazymut.tychy.zhp.pl\/index.php\/wp-json\/wp\/v2\/pages\/653","targetHints":{"allow":["GET"]}}],"collection":[{"href":"http:\/\/39dhazymut.tychy.zhp.pl\/index.php\/wp-json\/wp\/v2\/pages"}],"about":[{"href":"http:\/\/39dhazymut.tychy.zhp.pl\/index.php\/wp-json\/wp\/v2\/types\/page"}],"author":[{"embeddable":true,"href":"http:\/\/39dhazymut.tychy.zhp.pl\/index.php\/wp-json\/wp\/v2\/users\/5"}],"replies":[{"embeddable":true,"href":"http:\/\/39dhazymut.tychy.zhp.pl\/index.php\/wp-json\/wp\/v2\/comments?post=653"}],"version-history":[{"count":1,"href":"http:\/\/39dhazymut.tychy.zhp.pl\/index.php\/wp-json\/wp\/v2\/pages\/653\/revisions"}],"predecessor-version":[{"id":654,"href":"http:\/\/39dhazymut.tychy.zhp.pl\/index.php\/wp-json\/wp\/v2\/pages\/653\/revisions\/654"}],"wp:attachment":[{"href":"http:\/\/39dhazymut.tychy.zhp.pl\/index.php\/wp-json\/wp\/v2\/media?parent=653"}],"curies":[{"name":"wp","href":"https:\/\/api.w.org\/{rel}","templated":true}]}}