{"id":1117,"date":"2024-11-24T13:27:44","date_gmt":"2024-11-24T13:27:44","guid":{"rendered":"https:\/\/39dhazymut.tychy.zhp.pl\/?page_id=1117"},"modified":"2024-11-30T09:31:46","modified_gmt":"2024-11-30T09:31:46","slug":"akcja-mundur","status":"publish","type":"page","link":"https:\/\/39dhazymut.tychy.zhp.pl\/index.php\/akcja-mundur\/","title":{"rendered":"Akcja Mundur"},"content":{"rendered":"\n<p>39 Dru\u017cyna Harcerska &#8222;Azymut&#8221; im. Batalionu &#8222;Zo\u015bka&#8221; prowadzi akcj\u0119 pt. &#8222;Oddaj mundur Harcerzowi&#8221;.<\/p>\n\n\n\n<p>Na terenie Miasta Bieru\u0144 oraz naszego powiatu, bardzo du\u017co os\u00f3b nale\u017ca\u0142o do Zwi\u0105zku Harcerstwa Polskiego szczeg\u00f3lnie do naszej jednostki oraz do 40 HDS im. Batalionu &#8222;Parasol&#8221;. Na pewno gdzie\u015b w szafie le\u017cy Wasz mundur, na kt\u00f3rym zbiera si\u0119 kurz, je\u015bli chcesz da\u0107 mu drugie \u017cycie to mo\u017ce go przekaza\u0107 naszej jednostce, kt\u00f3ra to znajdzie dla niego odpowiednie miejsce i przeka\u017ce osobie, kt\u00f3ra jest lub by chcia\u0142a by\u0107 harcerzem a nie sta\u0107 go na zakup nowego munduru.<\/p>\n\n\n\n<p><strong>Co b\u0119dziemy zbiera\u0107:<\/strong><\/p>\n\n\n\n<ul class=\"wp-block-list\">\n<li>bluzy mundurowe damskie i m\u0119skiej<\/li>\n\n\n\n<li>sp\u00f3dnice harcerskie<\/li>\n\n\n\n<li>spodenki harcerskie<\/li>\n\n\n\n<li>pasy harcerskie<\/li>\n\n\n\n<li>bordowe berety<\/li>\n\n\n\n<li>getry koloru czarnego bez pask\u00f3w<\/li>\n\n\n\n<li>wywijki koloru bordowego<\/li>\n\n\n\n<li>czerwone chusty harcerskie wraz z czerwonymi pagonami<\/li>\n\n\n\n<li>pier\u015bcienie do chusty<\/li>\n<\/ul>\n\n\n\n<p><strong>JAK NAM PRZEKAZA\u0106:<\/strong><\/p>\n\n\n\n<p>Mo\u017cna w kilka spos\u00f3b nam to przekaza\u0107:<\/p>\n\n\n\n<ul class=\"wp-block-list\">\n<li>przynie\u015b\u0107 nam to na zbi\u00f3rk\u0119 w ka\u017cdy pi\u0105tek pomi\u0119dzy godz. 17:15 a 18:45 do harc\u00f3wki przy ul. Warszawskiej 292<\/li>\n\n\n\n<li>przekaza\u0107 swojemu znajomemu kto jest harcerzem, a mo\u017cesz ich rozpozna\u0107 po zdj\u0119ciach na naszym FB<\/li>\n\n\n\n<li>skontaktuj si\u0119 z nami przez FB lub bezpo\u015brednio z dru\u017cynowym na e-mail: michal.rzepka@zhp.net.pl <\/li>\n<\/ul>\n\n\n\n<figure class=\"wp-block-image size-large\"><img loading=\"lazy\" decoding=\"async\" width=\"1024\" height=\"576\" src=\"https:\/\/39dhazymut.tychy.zhp.pl\/wp-content\/uploads\/2024\/11\/akcjamundur-1-1024x576.png\" alt=\"\" class=\"wp-image-1122\" srcset=\"https:\/\/39dhazymut.tychy.zhp.pl\/wp-content\/uploads\/2024\/11\/akcjamundur-1-1024x576.png 1024w, https:\/\/39dhazymut.tychy.zhp.pl\/wp-content\/uploads\/2024\/11\/akcjamundur-1-300x169.png 300w, https:\/\/39dhazymut.tychy.zhp.pl\/wp-content\/uploads\/2024\/11\/akcjamundur-1-768x432.png 768w, https:\/\/39dhazymut.tychy.zhp.pl\/wp-content\/uploads\/2024\/11\/akcjamundur-1-1536x864.png 1536w, https:\/\/39dhazymut.tychy.zhp.pl\/wp-content\/uploads\/2024\/11\/akcjamundur-1-850x478.png 850w, https:\/\/39dhazymut.tychy.zhp.pl\/wp-content\/uploads\/2024\/11\/akcjamundur-1.png 1920w\" sizes=\"auto, (max-width: 1024px) 100vw, 1024px\" \/><\/figure>\n","protected":false},"excerpt":{"rendered":"<p>39 Dru\u017cyna Harcerska &#8222;Azymut&#8221; im. Batalionu &#8222;Zo\u015bka&#8221; prowadzi akcj\u0119 pt. &#8222;Oddaj mundur Harcerzowi&#8221;. Na terenie Miasta Bieru\u0144 oraz naszego powiatu, bardzo du\u017co os\u00f3b nale\u017ca\u0142o do Zwi\u0105zku Harcerstwa Polskiego szczeg\u00f3lnie do naszej jednostki oraz do 40 HDS im. Batalionu &#8222;Parasol&#8221;. Na pewno gdzie\u015b w szafie le\u017cy Wasz mundur, na kt\u00f3rym zbiera si\u0119 kurz, je\u015bli chcesz da\u0107&#8230;<\/p>\n","protected":false},"author":4,"featured_media":0,"parent":0,"menu_order":0,"comment_status":"closed","ping_status":"closed","template":"","meta":{"footnotes":""},"class_list":["post-1117","page","type-page","status-publish","hentry"],"_links":{"self":[{"href":"https:\/\/39dhazymut.tychy.zhp.pl\/index.php\/wp-json\/wp\/v2\/pages\/1117","targetHints":{"allow":["GET"]}}],"collection":[{"href":"https:\/\/39dhazymut.tychy.zhp.pl\/index.php\/wp-json\/wp\/v2\/pages"}],"about":[{"href":"https:\/\/39dhazymut.tychy.zhp.pl\/index.php\/wp-json\/wp\/v2\/types\/page"}],"author":[{"embeddable":true,"href":"https:\/\/39dhazymut.tychy.zhp.pl\/index.php\/wp-json\/wp\/v2\/users\/4"}],"replies":[{"embeddable":true,"href":"https:\/\/39dhazymut.tychy.zhp.pl\/index.php\/wp-json\/wp\/v2\/comments?post=1117"}],"version-history":[{"count":2,"href":"https:\/\/39dhazymut.tychy.zhp.pl\/index.php\/wp-json\/wp\/v2\/pages\/1117\/revisions"}],"predecessor-version":[{"id":1123,"href":"https:\/\/39dhazymut.tychy.zhp.pl\/index.php\/wp-json\/wp\/v2\/pages\/1117\/revisions\/1123"}],"wp:attachment":[{"href":"https:\/\/39dhazymut.tychy.zhp.pl\/index.php\/wp-json\/wp\/v2\/media?parent=1117"}],"curies":[{"name":"wp","href":"https:\/\/api.w.org\/{rel}","templated":true}]}}