{"id":137,"date":"2018-10-15T11:49:17","date_gmt":"2018-10-15T11:49:17","guid":{"rendered":"http:\/\/39dhazymut.tychy.zhp.pl\/?page_id=137"},"modified":"2025-09-16T20:25:06","modified_gmt":"2025-09-16T20:25:06","slug":"1-dla-39-dh","status":"publish","type":"page","link":"https:\/\/39dhazymut.tychy.zhp.pl\/index.php\/1-dla-39-dh\/","title":{"rendered":"Wsparcie dla 39 Dru\u017cyny Harcerskiej &#8222;Azymut&#8221; im. Batalionu &#8222;Zo\u015bka&#8221;"},"content":{"rendered":"<p><strong>Szanowni Pa\u0144stwo !<\/strong><\/p>\n<p>Poni\u017cesz przedstawimy kilka propozycji wsparcia jakie mog\u0105 Pa\u0144stwo udzieli\u0107 naszej jednostce na lepsze dzia\u0142anie programowo-organizacyjne naszej jednostki. Ka\u017cda z\u0142ot\u00f3wka jest dla Was bardzo wa\u017cna, przeznaczamy j\u0105 m.in.:<\/p>\n<ul>\n<li>na zakup materia\u0142\u00f3w programowych, promocyjnych dla naszej jednostki<\/li>\n<li>na zakup nagr\u00f3d dla naszych harcerzy<\/li>\n<li>na zakupy sprawno\u015bci i trop\u00f3w<\/li>\n<li>na dofinansowania do wszelakich wyjazd\u00f3w<\/li>\n<\/ul>\n<p><strong>Poni\u017cej trzy sposoby w jaki spos\u00f3b mog\u0105 Pa\u0144stwo wesprze\u0107 nasz\u0105 dzia\u0142alno\u015b\u0107:<\/strong><\/p>\n<ol>\n<li><strong>Ka\u017cdy z Was mo\u017ce przekaza\u0107 sw\u00f3j 1,5 % podatku na dzia\u0142anie programowo \u2013 organizacyjne 39 Dru\u017cyny Harcerskiej &#8222;Azymut&#8221;.<\/strong><\/li>\n<\/ol>\n<p>Ka\u017cda z\u0142ot\u00f3wka przekazana przez Was, Waszych znajomych i bliskich, pozwoli nam na sprawniejsze i ciekawsze organizowanie zbi\u00f3rek harcerskich.<\/p>\n<p><strong>Jak to zrobi\u0107 ?<\/strong><\/p>\n<p><strong>KROK 1 \u2013 <\/strong>ustali\u0107 wysoko\u015b\u0107 podatku nale\u017cnego za miniony rok podatkowy (w ramach PIT-u rocznego)<\/p>\n<p><strong>KROK 2 \u2013<\/strong> obliczy\u0107 1 % podatku, zaokr\u0105glaj\u0105c do pe\u0142nych dziesi\u0105tek grosza w d\u00f3\u0142, wpisujemy w pkt. 133 \u2013 PIT 37<\/p>\n<p><strong>KROK 3<\/strong> \u2013 w pkt. 132 wpisujemy nr KRS czyli <strong>0000273051<\/strong><\/p>\n<p><strong>KROK 4<\/strong> \u2013 w pkt. 134 wpisujemy <strong>Hufiec Ziemi Tyskiej ZHP &#8211; 39 DH &#8222;Azymut&#8221;<\/strong><\/p>\n<p><strong>KROK 5<\/strong> \u2013 w pkt. 135 wyra\u017camy zgod\u0119 poprzez postawienie krzy\u017cyka<\/p>\n<p><strong>KROK 6<\/strong> \u2013 W pkt. 136 wpisujemy swoje imi\u0119 i nazwisko, adres<\/p>\n<p>Istnieje r\u00f3wnie\u017c mo\u017cliwo\u015b\u0107 wsparcia nas online rozliczaj\u0105c si\u0119 w Portalu Podatkowym i wskazanie\u00a0<strong>ZHP<\/strong> w PIT 37 lub PIT 38 jako organizacj\u0119, kt\u00f3rej chc\u0105 Pa\u0144stwo przekaza\u0107 sw\u00f3j 1%. Wystarczy wpisa\u0107: [NUMER KRS\u00a0<strong>0000273051<\/strong> i Cel szczeg\u00f3\u0142owy &#8211; nazwa jednostki (<strong>Hufiec Ziemi Tyskiej ZHP &#8211; 39 DH &#8222;Azymut&#8221;<\/strong>].<\/p>\n<p>Za ka\u017cd\u0105 przekazan\u0105 z\u0142ot\u00f3wk\u0119 serdecznie dzi\u0119kujemy.<\/p>\n<p>W tym roku otrzymali\u015bmy kwot\u0119 <strong>975,40<\/strong> z\u0142. Ca\u0142a ta kwota zostanie przeznaczona na nasz\u0105 dzia\u0142alno\u015b\u0107.<\/p>\n<p><a href=\"http:\/\/39dhazymut.tychy.zhp.pl\/wp-content\/uploads\/2025\/01\/kalendarzyk_2025.png\"><img loading=\"lazy\" decoding=\"async\" class=\"aligncenter size-large wp-image-1128\" src=\"http:\/\/39dhazymut.tychy.zhp.pl\/wp-content\/uploads\/2025\/01\/kalendarzyk_2025-1024x683.png\" alt=\"\" width=\"640\" height=\"427\" srcset=\"https:\/\/39dhazymut.tychy.zhp.pl\/wp-content\/uploads\/2025\/01\/kalendarzyk_2025-1024x683.png 1024w, https:\/\/39dhazymut.tychy.zhp.pl\/wp-content\/uploads\/2025\/01\/kalendarzyk_2025-300x200.png 300w, https:\/\/39dhazymut.tychy.zhp.pl\/wp-content\/uploads\/2025\/01\/kalendarzyk_2025-768x512.png 768w, https:\/\/39dhazymut.tychy.zhp.pl\/wp-content\/uploads\/2025\/01\/kalendarzyk_2025-1536x1024.png 1536w, https:\/\/39dhazymut.tychy.zhp.pl\/wp-content\/uploads\/2025\/01\/kalendarzyk_2025-2048x1365.png 2048w, https:\/\/39dhazymut.tychy.zhp.pl\/wp-content\/uploads\/2025\/01\/kalendarzyk_2025-850x567.png 850w\" sizes=\"auto, (max-width: 640px) 100vw, 640px\" \/><\/a><\/p>\n<p><strong>2<\/strong>.<strong> Przekazanie darowizny na konto hufca<\/strong>:<\/p>\n<p>wp\u0142at\u0119 mo\u017cna dokona\u0107 na konto hufca: 07 1140 1010 0000 4612 4800 1001 w tytule wpisuj\u0105c: <strong>DAROWIZNA &#8211; 39 DH &#8222;AZYMUT&#8221;.\u00a0<\/strong> Tytu\u0142 przelewu jest bardzo wa\u017cny. W tym przypadku je\u015bli by\u0142a dokonana taka darowizna to prosimy o informacj\u0119, aby\u015bmy mogli poinformowa\u0107 Komend\u0119 Hufca, \u017ce takie \u015brodki wp\u0142yn\u0105 na konto hufca.<\/p>\n<p><strong>3. Darowizna rzeczowa na rzecz naszej jednostki<\/strong><\/p>\n<p>Ka\u017cdy z Pa\u0144stwa je\u015bli ma ochot\u0119 to r\u00f3wnie\u017c mo\u017ce przekaza\u0107 nam konkretn\u0105 rzecz kt\u00f3r\u0105 Pa\u0144stwo zakupi\u0105 na nasz\u0105 dzia\u0142alno\u015b\u0107. Mog\u0105 by\u0107 to materia\u0142y programowe, gad\u017cety, sprz\u0119t, sprawno\u015bci i tropy.<\/p>\n<p>W tym przypadku najlepiej skontaktowa\u0107 si\u0119 z kadr\u0105 dru\u017cyny co w chwili obecnej jest najbardziej potrzebne na dzia\u0142alno\u015b\u0107 jednostki.<\/p>\n","protected":false},"excerpt":{"rendered":"<p>Szanowni Pa\u0144stwo ! Poni\u017cesz przedstawimy kilka propozycji wsparcia jakie mog\u0105 Pa\u0144stwo udzieli\u0107 naszej jednostce na lepsze dzia\u0142anie programowo-organizacyjne naszej jednostki. Ka\u017cda z\u0142ot\u00f3wka jest dla Was bardzo wa\u017cna, przeznaczamy j\u0105 m.in.: na zakup materia\u0142\u00f3w programowych, promocyjnych dla naszej jednostki na zakup nagr\u00f3d dla naszych harcerzy na zakupy sprawno\u015bci i trop\u00f3w na dofinansowania do wszelakich wyjazd\u00f3w Poni\u017cej&#8230;<\/p>\n","protected":false},"author":1,"featured_media":0,"parent":0,"menu_order":0,"comment_status":"closed","ping_status":"closed","template":"","meta":{"footnotes":""},"class_list":["post-137","page","type-page","status-publish","hentry"],"_links":{"self":[{"href":"https:\/\/39dhazymut.tychy.zhp.pl\/index.php\/wp-json\/wp\/v2\/pages\/137","targetHints":{"allow":["GET"]}}],"collection":[{"href":"https:\/\/39dhazymut.tychy.zhp.pl\/index.php\/wp-json\/wp\/v2\/pages"}],"about":[{"href":"https:\/\/39dhazymut.tychy.zhp.pl\/index.php\/wp-json\/wp\/v2\/types\/page"}],"author":[{"embeddable":true,"href":"https:\/\/39dhazymut.tychy.zhp.pl\/index.php\/wp-json\/wp\/v2\/users\/1"}],"replies":[{"embeddable":true,"href":"https:\/\/39dhazymut.tychy.zhp.pl\/index.php\/wp-json\/wp\/v2\/comments?post=137"}],"version-history":[{"count":7,"href":"https:\/\/39dhazymut.tychy.zhp.pl\/index.php\/wp-json\/wp\/v2\/pages\/137\/revisions"}],"predecessor-version":[{"id":1178,"href":"https:\/\/39dhazymut.tychy.zhp.pl\/index.php\/wp-json\/wp\/v2\/pages\/137\/revisions\/1178"}],"wp:attachment":[{"href":"https:\/\/39dhazymut.tychy.zhp.pl\/index.php\/wp-json\/wp\/v2\/media?parent=137"}],"curies":[{"name":"wp","href":"https:\/\/api.w.org\/{rel}","templated":true}]}}